alculate the greatest common divisor of 30349 and 38733601.
2759
Calculate the greatest common divisor of 16524 and 71028.
36
What is the highest common factor of 131364 and 6211008?
1476
What is the greatest common factor of 36 and 2386775232?
36
Calculate the greatest common factor of 695 and 78382378.
139
What is the highest common divisor of 256 and 2767384?
8
What is the greatest common divisor of 35511 and 12621?
21
Calculate the greatest common divisor of 119 and 119203.
7
What is the greatest common factor of 4352 and 47487392?
544
Calculate the greatest common factor of 182 and 2714582.
26
Calculate the highest common factor of 72 and 38442704.
8
Calculate the highest common factor of 86215 and 836135.
215
Calculate the highest common divisor of 150 and 467796.
6
Calculate the greatest common factor of 4697 and 87835.
11
Calculate the highest common factor of 54 and 17753184.
18
What is the highest common factor of 6749 and 887417?
17
Calculate the highest common factor of 11361345 and 105569.
461
Calculate the greatest common factor of 2364 and 6599106.
1182
Calculate the greatest common divisor of 75917 and 336935.
853
Calculate the greatest common factor of 87552 and 67982.
38
What is the highest common divisor of 1057362 and 12?
6
Calculate the greatest common divisor of 285 and 951616235.
95
Calculate the highest common factor of 63 and 712145637.
63
Calculate the highest common divisor of 109981144 and 182.
182
Calculate the greatest common divisor of 26156 and 15782.
26
Calculate the greatest common factor of 3894 and 1478658.
354
What is the greatest common divisor of 282142 and 276752?
98
Calculate the greatest common factor of 2559958 and 11398.
82
What is the highest common divisor of 32527403 and 37?
37
Calculate the highest common divisor of 24 and 2345778.
6
What is the highest common divisor of 12 and 116094576?
12
What is the greatest common factor of 18740 and 188894515?
4685
What is the highest common divisor of 46823250 and 7542?
2514
Calculate the greatest common divisor of 430629156 and 2817.
2817
Calculate the greatest common divisor of 15723279 and 15048.
1881
Calculate the highest common divisor of 3420 and 21058080.
1140
What is the highest common factor of 214704 and 162306?
1278
What is the highest common divisor of 3794 and 208226102?
3794
Calculate the highest common divisor of 428 and 16124258.
214
What is the highest common divisor of 15002 and 709077031?
7501
What is the greatest common factor of 61241 and 2953901?
1303
What is the greatest common factor of 36 and 57615912?
36
Calculate the greatest common divisor of 11902 and 789489415.
5951
What is the highest common factor of 4179370 and 116231?
2473
Calculate the greatest common factor of 1113 and 6532515.
159
What is the highest common factor of 43996 and 608294?
34
Calculate the greatest common factor of 29706778 and 3032.
758
What is the highest common factor of 354 and 9284181?
177
What is the highest common divisor of 6 and 38647251?
3
What is the highest common divisor of 2359648 and 9728?
608
What is the greatest common divisor of 429446740 and 190?
190
What is the highest common factor of 464175915 and 15?
15
What is the highest common divisor of 168 and 30126072?
24
Calculate the highest common factor of 4402 and 176266.
62
What is the highest common factor of 952 and 5222434?
238
Calculate the highest common factor of 1291772201 and 899.
899
What is the greatest common factor of 194133932 and 6028?
548
What is the greatest common divisor of 1392520 and 510880?
1240
Calculate the greatest common factor of 9238 and 4266778.
62
Calculate the highest common divisor of 4673753 and 817.
19
What is the highest common divisor of 2375976 and 372?
12
Calculate the highest common divisor of 5465 and 17925.
5
Calculate the greatest common divisor of 1478338 and 470.
94
What is the highest common factor of 395 and 95532725?
395
Calculate the highest common factor of 449 and 8641005.
449
Calculate the greatest common factor of 329556320 and 14240.
14240
What is the greatest common factor of 2723290 and 3960?
10
Calculate the greatest common factor of 4194 and 22771323.
2097
Calculate the highest common factor of 335 and 58266885.
335
Calculate the highest common factor of 2485 and 28099315.
355
Calculate the highest common factor of 52992 and 143499392.
2944
What is the greatest common factor of 84827376 and 32?
16
What is the greatest common divisor of 26324100 and 25?
25
What is the highest common factor of 10526665 and 665?
95
What is the highest common factor of 30 and 88004355?
15
Calculate the greatest common divisor of 475996 and 450596.
508
Calculate the highest common divisor of 87 and 118141273.
29
What is the greatest common divisor of 858 and 43638816?
78
What is the highest common factor of 24739683 and 15?
3
Calculate the greatest common divisor of 1037 and 11862022.
17
What is the greatest common factor of 517944120 and 120?
120
What is the greatest common divisor of 78952670 and 30?
10
Calculate the greatest common factor of 669954272 and 80.
16
Calculate the highest common divisor of 65 and 5728333.
13
What is the highest common factor of 303935 and 75?
5
Calculate the highest common factor of 132 and 1128116.
44
What is the greatest common divisor of 1363 and 24090743?
47
Calculate the highest common factor of 2824742 and 1043.
149
What is the greatest common factor of 240058 and 686?
14
Calculate the highest common divisor of 2896 and 5431991.
181
Calculate the highest common divisor of 9369 and 629805.
1041
What is the greatest common divisor of 1409830301 and 3201?
1067
What is the highest common divisor of 104208 and 18434?
26
Calculate the highest common divisor of 7513056 and 14592.
1824
What is the greatest common factor of 13580 and 4256245?
35
What is the highest common divisor of 776 and 50712?
8
What is the highest common divisor of 279 and 49312548?
9
What is the highest common factor of 4858591109 and 839?
839
What is the highest common divisor of 29551 and 820295?
1019
Calculate the greatest common factor of 143916653 and 43045.
8609
Calculate the highest common divisor of 272208538 and 2814.
938
Calculate the greatest common divisor of 21188175 and 71.
71
What is the greatest common factor of 19010 and 2092706345?
9505
Calculate the greatest common divisor of 63135212 and 1428.
476
Calculate the highest common divisor of 8890 and 1727810.
70
Calculate the greatest common factor of 95997570 and 2502.
834
Calculate the greatest common factor of 53970 and 4634.
14
What is the greatest common divisor of 10855320 and 30072?
168
Calculate the highest common divisor of 296 and 12142697.
37
Calculate the greatest common factor of 30733 and 533484.
73
What is the greatest common divisor of 33 and 1671417?
33
Calculate the highest common factor of 537199 and 91.
13
Calculate the greatest common divisor of 23904 and 325152.
288
Calculate the highest common factor of 6203483 and 845.
169
What is the highest common divisor of 20 and 3020036?
4
What is the greatest common factor of 1820192 and 550?
22
Calculate the highest common divisor of 127926 and 50886.
18
What is the highest common factor of 992539563 and 6855?
1371
What is the highest common divisor of 8083560 and 268140?
2460
Calculate the highest common factor of 38 and 58310810.
38
What is the greatest common divisor of 342 and 31314?
6
What is the highest common divisor of 39380919 and 156383?
9199
What is the greatest common divisor of 271032 and 325680?
552
What is the highest common factor of 2827 and 9976997?
257
What is the greatest common divisor of 9617732 and 183718?
1894
Calculate the highest common factor of 21178224 and 1584.
144
What is the highest common factor of 40 and 3643112?
8
Calculate the greatest common factor of 43628724 and 5816.
2908
What is the highest common factor of 8 and 3554897?
1
What is the greatest common factor of 653 and 44375921?
653
What is the greatest common divisor of 5593374 and 19926?
486
Calculate the highest common factor of 333 and 12432.
111
Calculate the greatest common factor of 31215420 and 22704.
516
What is the highest common factor of 1998 and 60397431?
111
Calculate the greatest common factor of 1300629 and 223729.
1